are the prime factors of 3140553?
3, 13, 80527
List the prime factors of 57587453.
7, 11, 747889
List the prime factors of 755924263.
197, 3837179
List the prime factors of 700060885.
5, 4519, 30983
List the prime factors of 291537411.
3, 11, 167, 52901
What are the prime factors of 4159874536?
2, 367, 1416851
What are the prime factors of 3948426848?
2, 31, 67, 59407
What are the prime factors of 64749647?
1061, 61027
What are the prime factors of 211211351?
13, 113, 143779
List the prime factors of 42534638.
2, 181, 117499
What are the prime factors of 97964911?
11, 397, 22433
List the prime factors of 1020481466.
2, 510240733
What are the prime factors of 741256306?
2, 7, 52946879
What are the prime factors of 18470025?
3, 5, 7, 1303
List the prime factors of 50149326.
2, 3, 1429, 5849
What are the prime factors of 1051950832?
2, 5783, 11369
List the prime factors of 206524865.
5, 157, 263089
List the prime factors of 3708399966.
2, 3, 4663, 132547
List the prime factors of 223540007.
223540007
List the prime factors of 542905619.
542905619
List the prime factors of 579510144.
2, 3, 17, 127, 233
List the prime factors of 4825655631.
3, 1459, 367501
What are the prime factors of 36920168?
2, 607, 7603
List the prime factors of 1261616401.
23, 54852887
What are the prime factors of 35095871?
17, 121439
What are the prime factors of 2028531341?
17, 5521, 21613
What are the prime factors of 5231507?
769, 6803
What are the prime factors of 238330652?
2, 7, 8511809
List the prime factors of 10473376.
2, 137, 2389
List the prime factors of 109811704.
2, 17, 227, 3557
What are the prime factors of 1050932792?
2, 7, 13, 17, 1733
What are the prime factors of 1069485187?
1069485187
What are the prime factors of 132570981?
3, 17, 866477
What are the prime factors of 497160626?
2, 197, 1261829
List the prime factors of 15441565.
5, 31, 99623
List the prime factors of 313133562.
2, 3, 7, 2485187
List the prime factors of 129461000.
2, 5, 129461
List the prime factors of 50762875.
5, 227, 1789
What are the prime factors of 3547120017?
3, 7, 168910477
What are the prime factors of 245527396?
2, 17, 67, 53891
List the prime factors of 1376165.
5, 7, 41, 137
What are the prime factors of 933799606?
2, 269, 1735687
List the prime factors of 1152398577.
3, 11, 34921169
List the prime factors of 53966539.
11, 929, 5281
List the prime factors of 12630734.
2, 43, 227, 647
List the prime factors of 28173292.
2, 7, 1006189
List the prime factors of 685053115.
5, 2531, 54133
List the prime factors of 202561444.
2, 127, 181, 2203
What are the prime factors of 15776897?
19, 830363
List the prime factors of 31388936.
2, 17, 149, 1549
What are the prime factors of 40150825?
5, 11, 13, 1021
What are the prime factors of 1220479363?
43, 2371, 11971
What are the prime factors of 4211440805?
5, 11, 13, 1913, 3079
List the prime factors of 55242547.
55242547
List the prime factors of 43902328.
2, 5487791
What are the prime factors of 66114661?
19, 31, 112249
List the prime factors of 88885450.
2, 5, 1123, 1583
What are the prime factors of 25895015?
5, 79, 65557
What are the prime factors of 987843947?
987843947
List the prime factors of 37019445.
3, 5, 2467963
What are the prime factors of 196554459?
3, 17, 1201, 3209
List the prime factors of 1143695512.
2, 83, 457, 3769
List the prime factors of 85784614.
2, 71, 389, 1553
List the prime factors of 122666242.
2, 19, 61, 52919
What are the prime factors of 5746830?
2, 3, 5, 191561
List the prime factors of 10737317.
10737317
What are the prime factors of 92436953?
7, 13205279
List the prime factors of 4294735.
5, 157, 5471
List the prime factors of 2731523216.
2, 331, 515771
What are the prime factors of 243762135?
3, 5, 16250809
List the prime factors of 377649471.
3, 31, 4060747
List the prime factors of 1801436492.
2, 47, 449, 21341
What are the prime factors of 355770911?
31, 11476481
List the prime factors of 10252118.
2, 5126059
What are the prime factors of 314045888?
2, 13, 377459
What are the prime factors of 52085712?
2, 3, 7, 155017
What are the prime factors of 483190663?
29, 574543
What are the prime factors of 178681155?
3, 5, 83, 143519
List the prime factors of 46705765.
5, 41, 73, 3121
What are the prime factors of 3170728577?
31, 61, 109, 15383
What are the prime factors of 5768285869?
43, 631, 212593
What are the prime factors of 1272498?
2, 3, 23, 9221
List the prime factors of 49384498.
2, 47, 89, 5903
List the prime factors of 422982964.
2, 37, 2857993
What are the prime factors of 1383859161?
3, 17084681
What are the prime factors of 183551480?
2, 5, 7, 655541
List the prime factors of 41458391.
13, 71, 44917
List the prime factors of 125602339.
8017, 15667
What are the prime factors of 6669884886?
2, 3, 7, 43, 709, 5209
What are the prime factors of 41931541?
79, 373, 1423
What are the prime factors of 611621485?
5, 122324297
List the prime factors of 113591789.
149, 179, 4259
What are the prime factors of 30443272?
2, 29, 131221
List the prime factors of 62695654.
2, 7, 23, 194707
List the prime factors of 775652508.
2, 3, 3449, 6247
What are the prime factors of 195205343?
107, 1824349
List the prime factors of 1987101999.
3, 220789111
List the prime factors of 1252471545.
3, 5, 13, 19, 37561
List the prime factors of 42005732.
2, 19, 552707
List the prime factors of 296058592.
2, 9251831
What are the prime factors of 2246885899?
137, 739, 22193
List the prime factors of 432855764.
2, 11, 9837631
List the prime factors of 625587340.
2, 5, 7, 1663, 2687
What are the prime factors of 2730560159?
53, 51520003
List the prime factors of 716236650.
2, 3, 5, 1591637
What are the prime factors of 66638479?
66638479
List the prime factors of 17316825.
3, 5, 230891
List the prime factors of 6032166.
2, 3, 7, 31, 41, 113
List the prime factors of 5040711834.
2, 3, 840118639
List the prime factors of 3809377137.
3, 1269792379
What are the prime factors of 30015824?
2, 1875989
List the prime factors of 2013818300.
2, 5, 13, 17, 293, 311
List the prime factors of 309664163.
17, 18215539
List the prime factors of 510033434.
2, 255016717
What are the prime factors of 135936735?
3, 5, 11, 19, 131, 331
List the prime factors of 6104644960.
2, 5, 38154031
What are the prime factors of 300751544?
2, 37593943
List the prime factors of 1343460603.
3, 947, 472883
List the prime factors of 92519134.
2, 17, 331, 8221
List the prime factors of 789430569.
3, 263143523
List the prime factors of 2441700026.
2, 5897, 207029
What are the prime factors of 1273855400?
2, 5, 191, 33347
What are the prime factors of 407917157?
4877, 83641
List the prime factors of 31769673.
3, 13, 73, 11159
List the prime factors of 152811005.
5, 29, 683, 1543
List the prime factors of 171372151.
171372151
What are the prime factors of 356559003?
3, 17, 28771
List the prime factors of 1469307300.
2, 3, 5, 419, 11689
List the prime factors of 53968096.
2, 7, 13, 43, 431
List the prime factors of 9330289.
9330289
List the prime factors of 1126056341.
29, 38829529
What are the prime factors of 397224112?
2, 101, 373, 659
List the prime factors of 32126676.
2, 3, 23, 43, 2707
List the prime factors of 67072710.
2, 3, 5, 241, 9277
List the prime factors of 977976001.
977976001
List the prime factors of 226928967.
3, 61, 547, 2267
What are the prime factors of 7601726440?
2, 5, 7, 11, 167, 14779
What are the prime factors of 33982667?
853, 39839
List the prime factors of 46637264.
2, 263, 11083
What are the prime factors of 5252019009?
3, 36563, 47881
List the prime factors of 318626479.
318626479
What are the prime factors of 68960482?
2, 34480241
List the prime factors of 59481038.
2, 47, 632777
What are the prime factors of 26494838?
2, 347, 38177
List the prime factors of 1493542188.
2, 3, 701, 59183
List the prime factors of 194785478.
2, 239, 407501
What are the prime factors of 186171697?
186171697
List the prime factors of 129455028.
2, 3, 3595973
List the prime factors of 137939188.
2, 23, 401, 3739
What are the prime factors of 506595390?
2, 3, 5, 7, 827, 2917
List the prime factors of 2781747584.
2, 7, 11, 282239
List the prime factors of 70757818.
2, 409, 86501
What are the prime factors of 13112753?
13112753
What are the prime factors o